16 - ((-152 - -150) + -11 + 1)) + -13.
-17
Evaluate (66 + -84 - 21) + 20.
-19
What is 11 + -13 + 25 + -118?
-95
Calculate -2030 - -2194 - (13 - -44).
107
Calculate -17 - (-3 + -32 - -23) - -13.
8
Evaluate (-5 - -150) + (-73 - -2).
74
What is (1 - (-5 + -1)) + 0 + 16 + -70 + 81?
34
What is 6 - 0 - (-116 + 122 + (-2 - -6) - 20)?
16
What is the value of 1 + (79 - -1 - (-56 + (34 - -11)))?
92
What is the value of 32 + 43 + (-26 - 21) + -20?
8
Calculate 16 - (-12 - ((-7 - 18) + 31)).
34
What is 91 - 32 - 51 - -13?
21
Calculate -5 + 14 + 22 + (23 - 40) + (-24 - -6).
-4
What is the value of 0 - (-47 + 1 + 0 + 15 + -14 + 5)?
40
What is 34 + -196 + (6 - 18) + 2 + 30?
-142
29 - (-21 - (-8 - -30 - 19))
53
29 + 41 - 131 - -70
9
Evaluate -43 + -67 + (-59 - -108).
-61
What is the value of (33 - (-38 - (-36 + -40))) + 32?
27
What is 14 - ((-2 - -79) + -33 + 58 - (7 + 1))?
-80
What is (-173 - -48) + -5 + -3 + (1 - 1 - -5)?
-128
Calculate 3 - (-5 - -9 - 8 - (35 + 20 + -14)).
48
Evaluate (101 - 89) + 1 + -9 + -8 + -124.
-128
What is the value of 41 - 1 - (53 - (-1 + 59))?
45
Calculate (-1 + 1 - 13) + -121 + 78.
-56
Evaluate -59 - (0 - -6 - (-7 + -2 + (-106 - -122))).
-58
10 + -9 + -7 + (-12 - -9) - (-13 + 3)
1
Calculate (56 - 38) + (-84 - (2 + 5)) + -4.
-77
Calculate 71 - -71 - 76 - (0 + -1 - -4).
63
What is the value of 34 + -14 + (-37 - 1) - 50?
-68
What is 27 - (15 - ((24 - (-4 + 8)) + (11 - 16)))?
27
Evaluate 9 + -4 + 99 + -17 + -62.
25
Evaluate -5 + (2 - -1) - -27 - (2 + -9 - -1).
31
-47 + 100 + 11 + -12
52
3 + 2 + (-214 - -198 - (-1 + -17))
7
Evaluate (1174 - 1249) + 1 + 40 + 21.
-13
What is (81 - 138) + 61 - (50 - (3 - 1))?
-44
Calculate (-1 + 0 - (7 - -54)) + (16 - (17 + 4)).
-67
Evaluate -21 + (30 - (-42 + 104)).
-53
281 - 270 - (-2 + 21 - 6 - (1 + 1))
0
5 + (3 - 7 - -2) + -44 + -10 + 40
-11
Calculate -76 - -56 - (-4 + 6 - 0 - 57).
35
-115 + 85 - (-1 + -12 - 1)
-16
-37 + -18 + -5 + 41
-19
51 - (12 + -1 + (10 - (121 - 94)))
57
(7 - (2 - (4 + (3 - 9) - 12))) + 3
-6
Evaluate (825 - 896) + 1 + -40.
-110
Calculate 9 + -59 + -3 + 10.
-43
Evaluate -30 - (24 - (8 - -21)) - 4.
-29
Evaluate 39 - (69 - (60 - 27)) - 9.
-6
14 + 35 + 1 + -46 + -111
-107
Calculate -187 + 175 - (-11 - (0 + 2)).
1
Calculate -40 + 157 + -82 - (32 + -1).
4
What is the value of (-4 - -1) + (-11 - -2) + (-23 - -46) + -35?
-24
What is the value of 10 - (105 + -98 + -1 + 11)?
-7
Evaluate -13 - (-11 + 12 - 8) - 0.
-6
Evaluate 95 + -93 + (32 - -20).
54
What is the value of -13 - (-20 - (-25 + (-7 - -2)))?
-23
Evaluate -217 - (-242 - (18 - 150)).
-107
What is 12 + 82 + -40 + (-5 - -17) + 17?
83
Evaluate (2502 - 2485) + (32 - -1).
50
Calculate -13 + 40 + ((6 - 7) + -7 - -10) + 7.
36
-41 + 7 + 71 - 97
-60
What is the value of -43 + (-103 + 162 - 74)?
-58
Calculate 14 - ((24 - 7) + 7 + 2).
-12
What is the value of -56 - (3 + (4 - (-16 + 26) - -8))?
-61
Calculate -7 - (37 - (-2 - (5 + -12 + -4))) - 8.
-43
What is -16 + -7 + -16 + (-19 - -85)?
27
What is 0 - ((-1 - 3) + (233 - 230))?
1
-1 + -25 - (-4547 - -4534) - (-108 - -1)
94
Evaluate 102 + (17 - 149) + 13.
-17
15 - (-31 - (7 + (7 - 35)))
25
What is the value of 1067 + -1114 - (-13 - 0)?
-34
What is the value of -1 + 1 - ((-12 - (37 + -18)) + -14)?
45
Calculate -1 + -1 + (8 - 7) + -6 + (-23 - 25).
-55
What is the value of 17 + -68 - 6 - (6 + 0 + -6)?
-57
(-92 - (3 + -98)) + -84
-81
What is the value of 115 + (-100 - -140) - 132?
23
Calculate -22 + -1 + (2 - 7) + (5 - (17 - 13)).
-27
Evaluate 4 + (-23 - -26) - (1 - (6 + -3)) - 5.
4
1 + 54 - (-2599 - -2692)
-38
Calculate -1 - ((8 - -2) + (79 - 113)).
23
Evaluate -3 + -1 + (-9 - (-9 + 8) - -40).
28
What is the value of 23 + -10 + 9 - (1 + -7 + 1 + 14)?
13
Evaluate -15 + (-23 - (-14 - -36)) + -17.
-77
What is the value of 2 + -1 + 3 - (90 - 79 - 10)?
3
Evaluate -23 - (1 + 1 - (578 - 565)).
-12
What is 5 - (3 - -10) - (-14 - -7 - (-3 - 48))?
-52
Calculate 103 + -90 + (-16 - -10).
7
What is the value of -2 - -9 - (-4 - -4) - (5 - (10 + 41))?
53
Evaluate 39 - (0 - 1 - (187 - 204)).
23
What is the value of 3 - 57 - (-6 + (1 - 0 - 8 - -5))?
-46
Evaluate -72 - -79 - (24 + -2 + -2) - (22 - 23).
-12
What is (30 - -4) + 1164 + -1138 + (-11 - 0)?
49
What is 107 - (40 - -7) - (0 - (0 - 9))?
51
49 + -67 + 21 + 9 + -16
-4
Calculate 11 + 9 + -20 - (5 + -49 - 12).
56
What is the value of -25 - 4 - (-47 - (-44 + -51))?
-77
Evaluate 56 + 29 + -36 + -44.
5
Calculate -8 + (-39 - -101) + -6 + -2 - (-2 + 7).
41
Evaluate -39 + (85 - (63 - 91)).
74
Evaluate 24 + (-14 + 0 - (-497 - -583)).
-76
19 - 7 - -8 - 13 - (-6 - 2)
15
5 + -2 + (-14 - -12 - 4) - (-39 + -4)
40
Evaluate -8 + -36 + 31 + 26 + -1 - -11.
23
Calculate -173 + 264 - 99 - (-16 + -1).
9
What is the value of 36 - (3 + -11 + 3) - (82 - 87)?
46
Evaluate -101 - ((-14 - -19) + -73).
-33
Evaluate -16 - (-111 + -106 - -93).
108
7 + 0 - -1 - (-76 - -5 - -54)
25
17 + (-4 - (13 + -5)) + (10 - 10 - -15)
20
(0 - -3) + -126 + 138 + -13
2
Evaluate -30 - (4 - 7 - 6 - (-110 - -99)).
-32
What is -87 + (75 - -20) + (-70 - -3)?
-59
Calculate (-6 - 13) + 27 - (-7 - (4 - -2)).
21
What is the value of (9 - (14 - 6)) + (-65 - 20) + (-2 - -15)?
-71
What is -45 + (9 - (1 + -1) - (-633 - -630))?
-33
What is the value of -9 - (-11 + 0 + 0 + (-51 + 33 - -39))?
-19
What is (31 - 2) + (-38 - (-2 - 56))?
49
What is 98 - (48 + 124) - -122?
48
Evaluate 28 + 37 - (58 - 37).
44
1 - -6 - (86 + 4 - 88)
5
Calculate 18 + -15 + (0 - -13 - 14).
2
-2 + 75 + (114 - 6 - 126)
55
-89 + (39 - (6 + (-28 + 23 - -20)))
-71
What is the value of (-11599 - -11495) + (2 - (-4 + 1 + -2))?
-97
Evaluate -27 + (272 - 271) + (-1 - -29).
2
What is the value of (0 - -5 - (20 + -14 + 10 + -1)) + 41?
31
Calculate -5 + (32 - 43 - ((0 - 12) + 1)) + 75.
70
Calculate 18 + (21 - (-29 + 14 + 21)) + 18.
51
Calculate 2 - 118 - 2 - ((1783 - 1818) + (2 - -43)).
-128
Evaluate (18 - 5) + -25 + 7 + (-14 - 71).
-90
Calculate 249 + -232 + -18 + (-1 + 1 + 1 - -34).
34
-138 + 114 + -111 - -108
-27
Evaluate 60 - (-7 - (29 - 15) - -4).
77
Calculate 19 + 2 - (37 - 15 - 44).
43
What is 87 + -67 + 50 + 3?
73
Calculate (-4781 - -4770) + -69 + (-4 - -3) + 3.
-78
-8 + 1 + -68 + 7 - (147 + -166)
-49
Evaluate -9 + (9 - (28 + -38)) + -10.
0
What is -68 + (10 - (9 + 4 + 4)) + 21?
-54
What is the value of 37 - ((8 - (-14 - -3)) + -28 + 15)?
31
What is (-8 - 0) + (-13 + 5 - (19 + -36 + 18))?
-17
Evaluate -8 - -2 - (-4 - (-14 - -13)).
-3
(12 - 37) + (10 + (15 - 4) + -6 - 9)
-19
What is the value of -159 + -28 + 147 + 91?
51
Calculate -59 + (-27 - (-106 + 6)).
14
-30 + (43 - 21) - -47
39
What is 0 - (-7 - (14 + 9 + -8)) - (6 - -4)?
12
Evaluate (-15 - (-12 - -6)) + 6 - (33 - (12 + -6)).
-30
Evaluate -63 + (-4 - 2) - -51.
-18
What is the value of 0 - (26 + (14 - 45) - (-9 + 0)) - 52?
-56
-25 + -5 + 3 + 414 + -398
-11
What is the value of -164 + -4 - -4 - (588 + -616)?
-136
Calculate -32 + 0 + (9 - -59 - 55) - 34.
-53
93 + -52 - (27 - -116 - -17)
-119
Calculate (-36 - 28) + 48 - -56.
40
Calculate (9 - 13) + (4 + 2 - (-9 - -65)).
-54
Evaluate -84 + 63 - (-2 + (16 - -5)).
-40
What is (3069 - 3056) + 44 + -1?
56
-43 + 15 - -12 - (2 + 17)
-35
What is -1 + -138 - (572 + -611 + 0 + 18)?
-118
-7 + -1 + (20 - -1 - (648 + -660))
25
86 + (27 - (1 - -20))
92
Evaluate 6 + -12 + 5 + -4 + (-7 - 19) + 19.
-12
What is the value of 12 + 39 + (24 + -6 - (6 + 2))?
61
-137 + 13 + (-23 + 1 - (-101 - -82))
-127
What is (1 - 80) + 1087 + -972?
36
(-589 - -590) + (29 - -17 - (7 - 2))
42
What is the value of 15 - (14 + (2 - -6) + -8 + -20)?
21
What is (19 - (34 + 26)) + -3?
-44
What is -19 + 52 + (20 + -11 - -22)?
64
What is the value of -38 + 68 + (-74 - -53)?
9
Calculate (0 - -13) + (-4 + -1 + 5 - 37).
-24
What is the value of 2 + 32 + -51 - -8?
-9
Evaluate -56 - (-1 - (-11 - -23)).
-43
177 + -129 - (9 - -7) - -36
68
-37 + (78 - 65 - -26)
2
What is the value of -76 - (12 + (-7 - -1)) - (-8 + (19 - 25))?
-68
What is the value of 87 + -7 - (-3 + (17 - -3) - 13)?
76
(1 - (1 - (19 - 12 - -2))) + -62
-53
Calculate -10 + 15 - (0 + -10) - -8.
23
Evaluate 589 + -719 - (6 - 58).
-78
2 - (-18 - (-9 - 27)) - 2
-18
-19 + (-61 - -27) - -66
13
What is -1 - 28 - (941 + -1046)?
76
What is the value of 29 + -88 + (-8 - -26 - 1)?
-42
What is (29 - (68 + -75)) + -63?
-27
What is the value of 356 